4) + 6
5
Evaluate (-8 - -1) + (-1 + 3 - 2).
-7
What is the value of (-23 - -11) + (8 - -1)?
-3
What is -2 - -8 - (0 - -1)?
5
What is 43 + -42 + (-1 - -3)?
3
2 + 0 - (8 - 4)
-2
Evaluate (-2 - -6) + -1 + -76 + 75.
2
What is the value of 1 + -1 + -2 - -3?
1
Evaluate 0 - (-13 + 5) - 3.
5
Calculate 9 + -3 - (-2 - -8).
0
Calculate 0 + -1 - 1 - (37 + -37).
-2
What is the value of 6 + (-4 - (-5 + (-2 - -3)))?
6
Evaluate 17 - (-1 - -11) - 8.
-1
What is the value of -2 - -9 - (-1 + 7)?
1
Evaluate -11 + 8 - (2 - (-1 + 2)).
-4
-18 - ((-2 - 5) + -3)
-8
Evaluate (1 - (-5 - (-2 + -3))) + 1.
2
What is the value of 6 + -1 + -7 + 6 + -5?
-1
What is (-1 - -3) + (-1 - 4) + -2?
-5
What is -5 + (21 - 0) + -9?
7
What is (-3 + 2 - -1) + 1 + 2?
3
-1 + (-1 - (0 - -3))
-5
Calculate -5 - (-3 - (-2 - 0 - -1)).
-3
Calculate -5 + (-1 - (2 + -6 + -4)).
2
What is the value of -5 + 3 + -3 + 2?
-3
Calculate -9 + (-4 - (1 + -3)) + 6.
-5
6 - (-21 + 9 - -28)
-10
Calculate -2 - 0 - (7 - 11).
2
-2 + (3 - (-3 - (-4 - 1)))
-1
-2 + 6 + (-2 - -2)
4
0 - (0 - 1 - -7 - 2)
-4
-6 - (-5 + 12 - 21)
8
What is 4 + 0 + -3 + 0?
1
What is -2 - -1 - (15 + (-20 - -2))?
2
What is -2 + -2 + 9 + -2?
3
Calculate 5 - (9 + (-1 - 5)).
2
What is -12 - (-8 + (8 - 10))?
-2
Evaluate -11 - ((0 - 3) + -2).
-6
Calculate -32 + 36 + (2 - -2) + 1.
9
6 - ((3 - (3 - 0)) + 3)
3
Evaluate 0 + (9 - (-4 + 9)).
4
What is -5 + (2 - (2 + -7) - 3)?
-1
(11 - 7) + 6 - 13
-3
What is the value of 9 + -13 - (-13 - -5)?
4
What is the value of -2 + (-3 + (-4 - -5) - -1)?
-3
What is the value of -2 + 3 + (1 - 0)?
2
-3 + 1 + -2 + (-6 - -4)
-6
Evaluate -2 + 8 + -4 + -7.
-5
What is 7 + (-10 - -10 - 4)?
3
What is the value of (13 - 9) + -8 - 5?
-9
(-1 - (-3 - 2)) + -6 - 0
-2
What is (21 + -7 - 6) + -9?
-1
(-4 - (-1 - 2)) + 5 + -7
-3
Evaluate -3 - (0 - (10 - (3 - -1))).
3
Evaluate 7 + 1 + 7 + -15.
0
Evaluate (-5 - -1 - -4) + 0 - -1.
1
(2 - 1) + (6 - 11)
-4
What is (-2 - (0 + 2) - -1) + -2?
-5
What is the value of -38 + 41 - (-1 + (3 - 4))?
5
Calculate 0 - (-3 + 5 - 1).
-1
What is the value of (3 - 1) + (6 - (3 - -6))?
-1
24 + -23 - (-3 - -1)
3
What is the value of -8 + -9 + (20 - -2) + -6?
-1
Calculate 0 + -5 + -1 + 4.
-2
What is the value of 0 + (-1 - (4 + -2)) + -1?
-4
What is 3 - ((-3 - (-4 + 3)) + 2)?
3
What is (-1 - -12) + 93 + -101?
3
What is the value of -3 + 5 + (-6 - -2)?
-2
Calculate 12 + -22 + 15 - 3.
2
Calculate (-3 - (-1 - 1)) + (2 - 2).
-1
What is (-1 - (-1 + 2)) + (0 - -2)?
0
What is the value of (-1 - -2) + (-7 + 3 - 1)?
-4
Evaluate (9 - 13) + (-1 - 1 - -4).
-2
Calculate -2 + -6 + 12 + -10.
-6
What is the value of 0 + (-3 - (-4 + 2)) + 1?
0
What is 11 + -11 + 0 + 6?
6
(-14 - (4 + -1 - 8)) + 4
-5
Evaluate 9 + (0 - (-5 - -10)).
4
What is -5 + 0 + 9 - 3?
1
What is the value of 3 - 8 - -7 - (2 - -2)?
-2
Evaluate 26 - 23 - (0 - 0).
3
5 + (-10 - 6) - -4 - 1
-8
Evaluate 6 + -3 + (4 - (0 + 2)).
5
Calculate 6 + -14 + 4 + 2 + -1.
-3
What is (-5 - 2) + -21 + 30?
2
What is -4 + 14 + (6 - 20)?
-4
Evaluate -2 + 4 + (-5 - (-1 - 7)).
5
What is the value of 3 + -3 - 1 - (-1 - -2)?
-2
Calculate (1 - -1) + 0 + -7.
-5
(-4 - -12) + -2 + -2
4
What is the value of -8 + 15 - (3 - -2)?
2
Calculate -4 + (3 + -5 - 2).
-8
-4 - -3 - (-1 + 1)
-1
Calculate 3 + -4 + 2 - 6.
-5
-8 - (1 - -1 - (39 - 39))
-10
Calculate -3 + 3 + 0 + -2.
-2
Evaluate 7 - (-4 - (0 - -4)) - 8.
7
What is -6 - -3 - (0 + 0 + 1)?
-4
Calculate -13 + 2 + (-26 - -33).
-4
What is -1 + -2 + 2 + 4 + -6?
-3
What is the value of 3 + 0 + -5 + 0?
-2
(-25 - -19 - (1 + 2)) + 1
-8
What is -4 + (-3 - -2) + 10 - 3?
2
Evaluate 13 + -9 + (0 - 2).
2
What is the value of 3 + 3 + -7 - 4?
-5
Evaluate 37 + -43 + (1 - (1 + -1)).
-5
What is -5 + -4 + 6 - (0 - -1)?
-4
What is the value of 41 + -34 - (9 + 0)?
-2
What is the value of -32 + 52 - (11 - 0)?
9
Evaluate 2 + -1 + 24 + -24 - -3.
4
(4 - (-5 + 10)) + -1
-2
Calculate -2 + -2 + 4 - (4 + -1).
-3
Evaluate -10 + 9 - (0 - 0).
-1
(17 - (7 + -3 - -2)) + -5
6
What is (5 - (3 + 0)) + -7 + 0?
-5
2 + 0 + 0 - (76 - 79)
5
Evaluate -2 + 7 + -2 + -2.
1
Calculate (0 - (-3 + 10 - 7)) + 0.
0
Calculate (-1 - (-2 + -1)) + (-14 - -7).
-5
Calculate -36 + 41 - (3 + -2).
4
What is -1 - -1 - (2 - 4) - -3?
5
What is the value of (-7 - 2) + 16 + 1?
8
Evaluate -1 + 5 + (-8 - -9).
5
Evaluate 9 - 7 - (1 + -3 + 2).
2
What is 2 + (-4 + -1 - -5)?
2
What is the value of -2 + 1 + -1 - -7 - 7?
-2
-1 - 2 - (63 + -61)
-5
(0 - (0 + -2)) + -5 + 5
2
1 - (-3 + 5 - 4)
3
What is the value of (27 - 33) + (1 - 0)?
-5
Evaluate -4 + -1 + 6 + -1 + 2.
2
What is -4 - (0 + 7 + -12)?
1
Calculate 9 + -4 + (3 - 1) - 3.
4
4 - ((15 - 2) + (-4 - 0))
-5
-2 - ((-3 - 0 - -1) + 3)
-3
Calculate 2 - -4 - (-30 + 34).
2
Evaluate -4 + (-7 - (8 - 20)).
1
What is -6 - (3 + -11) - 8?
-6
1 + -3 + (19 + -4 - 9)
4
What is the value of -8 + 6 + (2 - (3 - 4))?
1
Calculate 0 + (-6 - 1) + 6 + 5.
4
What is the value of -4 + -19 + 20 + (-5 - -1)?
-7
What is the value of 4 + (-2 - (-7 - (0 + -3)))?
6
What is -5 - -4 - (8 - (2 - -2))?
-5
What is the value of (9 - 1) + 35 + -44?
-1
What is the value of (-1 - (-2 + 2) - 2) + 4?
1
Evaluate -2 - ((0 - 5) + -3 + -4).
10
-6 + (-5 - (-12 + -1) - -2)
4
2 + (2 + -8 - (1 + -3))
-2
1 - (9 + (-3 - (2 + -2)))
-5
Evaluate (-7 - (-7 + 2)) + 2.
0
Calculate 3 + -6 - -16 - 10.
3
(17 - 15) + -2 + 8 + -1
7
Calculate -7 + 1 - (-7 + 0).
1
What is the value of -6 + 4 + -1 + 8?
5
Evaluate 2 + 5 + -9 + 5.
3
Evaluate (2 - (2 - 2)) + -4.
-2
What is the value of (-4 - 0) + -1 + -6 + 2?
-9
What is 37 - 39 - (-5 + (1 - 0))?
2
What is the value of 13 + -14 + -4 + 2 + -1?
-4
Calculate -11 - -14 - (1 + -1).
3
5 + (-3 - -4 - 1)
5
-7 - (-7 + -7 + 9)
-2
(2 - (8 + (-4 - -1))) + 3
0
What is the value of -2 - (-5 + 7 - (3 - 1))?
-2
What is (2 - (0 - -1)) + (44 - 39)?
6
7 + -1 + -7 + 3 + 2
4
(-2 + 2 - -3) + -5
-2
(0 - -3) + -2 - 2
-1
What is -8 - (-3 + 0 - -2 - 2)?
-5
What is (-22 - -8) + 10 + 1?
-3
Evaluate -10 + 4 + (-6 - -14).
2
What is the value of (-1 - -3 - (-13 + 5)) + -1?
9
Evaluate 1 + -2 + -2 + (-2 - -2).
-3
Evaluate -2 - (5 + -8 - -5).
-4
-5 + 16 + (-3 - 12)
-4
What is 1 + (-2 - (2 + -2) - -1)?
0
-1 - (-1 + 1 + 3) - -11
7
What is the value of 10 + (3 - (-2 - -14))?
1
Evaluate (10 - 0) + -89 + 83.
4
Evaluate -2 + -1 + (-1 - 4).
-8
Calculate -41 + 47 + -8 + 0.
-2
Evaluate 0 + (8 - (-2 - -6)).
4
What is 43 + -39 + (-10 - 0)?
-6
-2 + (1 + 2 - (4 + -3))
0
What is 12 + (10 - 10 - 8)?
4
-1 + (1 + 0 - (-2 + -1))
3
Evaluate -5 + (3 + (-3 - -5) - 0).
0
Calculate 10 - (10 - 8) - 2 - 6.
0
-7 + -1 + (2 - (-2 - -1))
-5
Calculate 6 + -1 + (-4 - -1).
2
Evaluate -14 + (-4 - -15 - 5) + 6.
-2
Calculate -6 + (0 - 1) + 2 + 0.
-5
What is the value of (-1 - 10) + -88 + 92 + 1?
-6
0 - (-1 - (3 + -7))
-3
Evaluate -27 + 28 + (-2 - -5).
4
(9 + -3 + -3 - 1) + -2
0
-6 + 0 + 18 + -7
5
What is the value of (1 - 7) + -46 + 42 + 5?
-5
What is the value of -4 + (2 - (-2 - -6))?
-6
What is 2 - 12 - (-2 - -6 - 8)?
-6
What is (1 + 0 - (-32 - -30)) + -3?
0
Calculate -5 - (2 + -1 - (15 + -5)).
4
What is the value of 18 + -30 + 11 + -2?
-3
2 - (4 + -4) - 3
-1
Calculate -1 + 8 - (10 + -5).
2
What is (0 - -1 - 4 - -3) + 5?
5
Evaluate 2 + (-8 - 1) + 5.
-2
What is (-1 - 3) + (30 - 29)?
-3
What is the value of 4 - 3 - 2 - (-6 + 0)?
5
Calculate 30 + -32 - (1 - 3) - 0.
0
Calculate 8 + (2 - (11 + -6)).
5
What is -3 + (1 - (-4 + 1))?
1
Evaluate (-1 - -2 - 5) + 1 - -8.
5
Calculate (-7 - (-6 + 2)) + -2.
-5
Calculate 13 + 0 + -18 + 12 + 0.
7
2 - (3 + -3) - (12 - 8)
-2
Calculate -7 - (1 + 4 + -6).
-6
What is (4 - (9 + -5)) + 1?
1
What is (6 + -2 - 8) + 11?
7
Calculate (-2 - 2) + (-3 - 0) + 13.
6
What is -1 - (4 + (0 - -1) + -2)?
-4
Calculate 2 + -5 + -10 + 4.
-9
Evaluate 3 - (1 - 2 - -4).
0
-1 - (-9 + 2 + 5)
1
Calculate 0 + (-5 - -6) + -6.
-5
-7 + -3 - (0 + -6)
-4
-2 + (-6 + 7 - -6)
5
Evaluate -6 + 1 - 3 - -9.
1
74 - 68 - (0 - -5 - 0)
1
Calculate -4 - -2 - (6 + -3 - 1).
-4
Evaluate 1 + 6 + -4 + -1.
2
What is -12 + 7 - -9 - 5?
-1
Calculate -2 + (-3 - -4) + -1 + 3.
1
Calculate (19 - 1) + -8 - 8.
2
-19 + (1 - -11 - 1)
-8
(-3 - -6) + (-7 - (-2 - -3))
-5
What is 0 + -19 + 4 - -6?
-9
What is the value of 8 + -24 - (-2 + -5)?
-9
What is the value of -3 + -11 - (2 - (-1 + 11))?
-6
Calculate -4 + 0 + (-9 - (-28 - -13)).
2
Calculate 4 - (5 - 2) - (-14 - -6).
9
0 + 1 + (